ivisor of 2 and 19?
1
Calculate the highest common factor of 1560 and 90.
30
Calculate the greatest common divisor of 6 and 2181.
3
Calculate the greatest common factor of 4 and 14.
2
What is the greatest common factor of 39 and 31876?
13
Calculate the greatest common divisor of 2187 and 54.
27
Calculate the greatest common divisor of 9 and 243.
9
Calculate the greatest common divisor of 221 and 68.
17
What is the greatest common factor of 2054 and 1738?
158
Calculate the highest common factor of 7102 and 67.
67
Calculate the greatest common divisor of 40 and 3020.
20
Calculate the greatest common divisor of 756 and 864.
108
Calculate the greatest common divisor of 11 and 19.
1
Calculate the greatest common divisor of 14 and 5.
1
Calculate the highest common factor of 55 and 85.
5
What is the highest common divisor of 85 and 1411?
17
Calculate the greatest common factor of 700 and 500.
100
What is the highest common factor of 282 and 658?
94
What is the greatest common factor of 222 and 6?
6
Calculate the greatest common divisor of 121 and 77.
11
Calculate the greatest common divisor of 135 and 5.
5
What is the greatest common divisor of 6695 and 13?
13
What is the highest common divisor of 27 and 45819?
27
Calculate the highest common factor of 3421 and 11.
11
What is the greatest common factor of 819 and 369?
9
What is the greatest common factor of 195 and 156?
39
Calculate the greatest common divisor of 30 and 145.
5
Calculate the greatest common factor of 220 and 5.
5
Calculate the highest common factor of 4840 and 40.
40
What is the greatest common divisor of 220 and 40?
20
What is the highest common factor of 609 and 21?
21
Calculate the greatest common factor of 1064 and 133.
133
Calculate the highest common factor of 26 and 169.
13
Calculate the greatest common factor of 384 and 3.
3
Calculate the greatest common factor of 408 and 2142.
102
What is the greatest common factor of 240 and 160?
80
What is the highest common factor of 418 and 220?
22
What is the greatest common divisor of 288 and 792?
72
What is the highest common factor of 675 and 738?
9
What is the greatest common divisor of 1958 and 356?
178
What is the highest common divisor of 216 and 675?
27
Calculate the greatest common factor of 44 and 33.
11
Calculate the greatest common factor of 122 and 549.
61
What is the highest common divisor of 172 and 9718?
86
What is the greatest common divisor of 342 and 209?
19
What is the highest common divisor of 35056 and 56?
56
Calculate the greatest common factor of 35 and 40.
5
What is the greatest common factor of 180 and 342?
18
Calculate the highest common factor of 2002 and 2366.
182
Calculate the highest common factor of 3 and 21.
3
Calculate the greatest common divisor of 252 and 112.
28
Calculate the highest common factor of 432 and 96.
48
What is the highest common factor of 330 and 858?
66
What is the highest common factor of 1918 and 42?
14
Calculate the greatest common factor of 396 and 1287.
99
Calculate the greatest common divisor of 23 and 2599.
23
What is the highest common factor of 52 and 168?
4
What is the greatest common factor of 87 and 261?
87
Calculate the greatest common divisor of 1425 and 228.
57
What is the greatest common factor of 110 and 1782?
22
What is the highest common divisor of 1802 and 85?
17
What is the greatest common divisor of 35 and 505?
5
What is the greatest common divisor of 13 and 4?
1
What is the highest common factor of 22 and 286?
22
What is the highest common factor of 16 and 7904?
16
What is the greatest common factor of 518 and 42?
14
Calculate the highest common factor of 420 and 84.
84
What is the greatest common divisor of 23 and 23552?
23
Calculate the highest common factor of 110 and 4290.
110
Calculate the highest common divisor of 396 and 36.
36
What is the highest common factor of 4 and 1532?
4
Calculate the greatest common divisor of 201 and 1675.
67
Calculate the greatest common divisor of 905 and 724.
181
Calculate the highest common factor of 20 and 940.
20
Calculate the highest common divisor of 8435 and 70.
35
Calculate the highest common factor of 875 and 2975.
175
What is the greatest common divisor of 322 and 736?
46
Calculate the greatest common factor of 210 and 60.
30
Calculate the highest common divisor of 112 and 16.
16
Calculate the highest common divisor of 1632 and 96.
96
Calculate the highest common divisor of 240 and 1605.
15
Calculate the highest common factor of 228 and 24.
12
Calculate the highest common divisor of 27334 and 79.
79
Calculate the greatest common divisor of 4 and 7.
1
What is the greatest common divisor of 36 and 1323?
9
Calculate the highest common divisor of 224 and 32.
32
What is the highest common divisor of 71 and 31?
1
What is the highest common factor of 86 and 14362?
86
Calculate the greatest common factor of 4209 and 69.
69
Calculate the highest common divisor of 49 and 2107.
49
Calculate the highest common divisor of 18 and 2934.
18
What is the greatest common divisor of 2460 and 60?
60
Calculate the highest common factor of 63 and 4599.
63
Calculate the highest common divisor of 78 and 273.
39
Calculate the highest common divisor of 62 and 7471.
31
Calculate the greatest common factor of 170 and 1080.
10
What is the greatest common factor of 13277 and 561?
187
What is the greatest common divisor of 9 and 75?
3
What is the highest common factor of 110 and 44?
22
What is the highest common divisor of 17883 and 18?
9
What is the greatest common divisor of 3040 and 20?
20
What is the greatest common divisor of 117 and 507?
39
What is the highest common divisor of 94 and 4?
2
What is the greatest common factor of 762 and 6?
6
What is the greatest common divisor of 9 and 48?
3
Calculate the highest common divisor of 4 and 908.
4
What is the highest common divisor of 584 and 365?
73
Calculate the highest common factor of 36 and 24.
12
Calculate the greatest common divisor of 17 and 34.
17
What is the highest common factor of 5446 and 28?
14
What is the highest common divisor of 3822 and 78?
78
What is the highest common divisor of 31962 and 42?
42
What is the greatest common factor of 933 and 69?
3
What is the highest common divisor of 114 and 114?
114
Calculate the greatest common divisor of 8 and 4904.
8
What is the highest common divisor of 110 and 1859?
11
What is the highest common divisor of 290 and 4785?
145
Calculate the greatest common divisor of 564 and 48.
12
Calculate the greatest common divisor of 210 and 3.
3
What is the greatest common factor of 33 and 3553?
11
Calculate the greatest common factor of 3800 and 100.
100
Calculate the highest common factor of 1040 and 65.
65
What is the greatest common divisor of 665 and 315?
35
What is the highest common divisor of 4 and 8?
4
What is the greatest common divisor of 77 and 10395?
77
What is the highest common factor of 732 and 4?
4
Calculate the highest common factor of 180 and 8460.
180
Calculate the greatest common factor of 783 and 108.
27
What is the highest common factor of 12 and 6192?
12
What is the highest common factor of 2650 and 1166?
106
Calculate the highest common factor of 55 and 19195.
55
Calculate the greatest common divisor of 72 and 4338.
18
What is the greatest common factor of 434 and 28?
14
What is the greatest common divisor of 1581 and 493?
17
Calculate the highest common factor of 1 and 95.
1
What is the greatest common divisor of 195 and 100?
5
What is the greatest common divisor of 1 and 3011?
1
What is the highest common factor of 364 and 494?
26
Calculate the greatest common divisor of 18 and 2403.
9
Calculate the greatest common factor of 399 and 741.
57
Calculate the highest common divisor of 900 and 396.
36
Calculate the highest common factor of 580 and 29.
29
What is the highest common factor of 750 and 600?
150
Calculate the highest common divisor of 224 and 35.
7
What is the greatest common factor of 495 and 8745?
165
Calculate the highest common factor of 3246 and 6.
6
What is the greatest common factor of 589 and 217?
31
Calculate the greatest common divisor of 59 and 767.
59
Calculate the greatest common factor of 896 and 266.
14
What is the greatest common factor of 93 and 62?
31
What is the greatest common divisor of 2171 and 377